ed by 30/(-8 + (-18)/(-2)).
26
Let g = -98 + 187. Calculate the remainder when g is divided by 9.
8
Let a(b) = 4*b**2 - 6*b + 5*b + 2*b**2 + 0*b**2. Calculate the remainder when 40 is divided by a(-1).
5
Let f(q) = -q**3 - 3*q**2 + 4*q + 6. Let n be f(-5). Suppose 37 = 3*j + 5*c, 5*c + 77 = 3*j - 0*c. What is the remainder when 3*4/n*219 is divided by j?
16
Suppose 51*a - 62*a + 99 = 0. Calculate the remainder when 24 is divided by a.
6
Calculate the remainder when 445 is divided by 46 + (13 + -10)*(-8)/(-6).
45
Suppose -112*s = -128*s + 640. What is the remainder when s is divided by (0 - -1) + 10 + 0?
7
Suppose 2*r - 459 = 3*q, -11*q + 7*q = -2*r + 454. Calculate the remainder when r is divided by 15.
12
Suppose -54*n = -53*n. Suppose 3*c - 3*k - 48 = n, k - 46 = -3*c - 2. What is the remainder when c is divided by 11?
4
Let a(q) = -q**3 - 14*q**2 - 14*q - 11. Let t be a(-13). Suppose -t*s = -2 - 8. Calculate the remainder when 16 is divided by s.
1
Let y be (-4)/7*(-63)/18. Suppose 3*t - 123 = 4*z, 82 = y*t - z - 2*z. Calculate the remainder when t is divided by (-90)/(-8) + 2/(-8).
8
Suppose -4*d - 4*z + 72 = 0, -d - z + 4*z + 26 = 0. Suppose -s - 9 = -25. What is the remainder when d is divided by s?
4
Let w be (131 + 9)*(-15)/(-4). Let v = w - 289. Calculate the remainder when v is divided by 34.
32
What is the remainder when 95 is divided by 4/5*((-2300)/(-8))/5?
3
Calculate the remainder when 73 is divided by 30/(-3)*(-6 + 4).
13
Let z be (-3)/5 - 56/(-10). Suppose -10*q = -11*q + z. What is the remainder when 16 is divided by q?
1
Let p(r) = -6*r + 273. Calculate the remainder when p(-25) is divided by 13.
7
Let y = 1569 - 1456. What is the remainder when y is divided by 15?
8
Let o = -13 - -19. Suppose o*t + 11*t - 425 = 0. Calculate the remainder when 72 is divided by t.
22
Suppose -3*s - 59 + 170 = 0. Calculate the remainder when 183 is divided by s.
35
What is the remainder when 10/((-120)/(-1962)) - 18/12 is divided by 41?
39
Let x(j) = -2*j**2 + 13*j + 11. Suppose -291 + 51 = -4*z. Let h be (z/25)/((-6)/(-15)). Calculate the remainder when x(h) is divided by 9.
8
Suppose -42 = 6*y - 9*y. Let s(a) = -a**3 - a**2 + 68. Calculate the remainder when s(0) is divided by y.
12
Let p(g) = 3*g**2 - 3*g - 9. What is the remainder when p(-3) is divided by 5?
2
Let t(i) = i + 13. Let s = 100 - 98. What is the remainder when 27 is divided by t(s)?
12
Let q = 62 - 35. Calculate the remainder when q is divided by 16.
11
Suppose 36*d - 1691 = -1043. Suppose -l = 5*m - 243, m - 5*l = 4*m - 137. Calculate the remainder when m is divided by d.
13
Suppose 15 = h + 318*g - 320*g, 4*h = -g + 69. Calculate the remainder when (154/(-8))/((-2)/8) is divided by h.
9
Let j = 837 - 819. Suppose 3*l = -66 + 486. Suppose 4*b + 4*z = 148, -b - 3*b - 2*z = -l. What is the remainder when b is divided by j?
15
Suppose -12*a - 380 = -q - 13*a, 748 = 2*q - 4*a. Calculate the remainder when q is divided by 12.
6
Let s = -169 - -200. Calculate the remainder when s is divided by 21.
10
Let w be -3*((-96)/9)/4. Let b be 1 - (-268)/w*-2. What is the remainder when ((-12)/9)/(4/b) is divided by 8?
6
Suppose 3*p - 8207 = -26*p. Calculate the remainder when p is divided by 24.
19
Suppose 22*r = 19*r - 3*d + 138, 4*r - 187 = -3*d. What is the remainder when 114 is divided by r?
16
Let f = 250 + -237. Let h(j) = -4 + 3*j**3 - j**3 - 3*j**3. What is the remainder when h(-3) is divided by f?
10
Let z = -3701 - -3714. Let x = 25 - 4. What is the remainder when x is divided by z?
8
Suppose 1392 = 13*b - 2131. Calculate the remainder when b is divided by 22.
7
Suppose 0 = 52*z + 14*z - 1056. Calculate the remainder when z is divided by 9.
7
Suppose -3*j = -3*y - 36, 4*y + 26 = 2*y + 4*j. Let f(h) = h**2 + 3*h - 12. Let k(c) = -3*c - 25. Calculate the remainder when f(y) is divided by k(-17).
24
Suppose -2*k - 2*k = -68. Let u = k + -10. Suppose 31*g - 33*g = -52. What is the remainder when g is divided by u?
5
Suppose 0 = 14*m - 199 - 39. What is the remainder when m is divided by 16?
1
Suppose 4*l = 2*j - 2, -l + j = -4*l + 6. Let z = 9 + l. Suppose z = -6*h + 82. Calculate the remainder when 34 is divided by h.
10
Calculate the remainder when (((-4170)/(-9))/10)/((-5)/(-15)) is divided by 101.
38
Let o(q) = q**3 + q**2 - 35*q + 26. What is the remainder when 197 is divided by o(6)?
61
Let j be 4 - (-156)/(-15) - (-4)/10. Calculate the remainder when 39 is divided by -1*(-8 - j)/((-2)/(-20)).
19
Let g(f) = 7*f**2 + 3*f + 1. Let q be g(-2). Suppose -m = 4 - q. Let i = 2721 + -2710. What is the remainder when m is divided by i?
8
Let k = 62 - 60. Suppose -k*i = -13*i + 165. Calculate the remainder when 40 is divided by i.
10
Let c(b) = -2*b - 33. Calculate the remainder when 86 is divided by c(-29).
11
What is the remainder when 163 - (2 + -2 + -7) is divided by 35?
30
Suppose 0 = 4*g + 2*a - 164, 3*g + 2*g + 4*a = 211. Let h(d) = -d**3 + 10*d**2 + d + 4. Calculate the remainder when g is divided by h(10).
11
Let y(b) = -b**2 - 6*b + 4. Let d be y(-6). Suppose d*t = 14 + 22. Calculate the remainder when 51 is divided by t.
6
Let y(u) = -41*u + 15. Calculate the remainder when 582 is divided by y(0).
12
Suppose 0 = -5*s + 5*c + 310, -4*c = 3*s - c - 162. Calculate the remainder when s is divided by 13.
6
Suppose 6 = -5*n + 7*n. Suppose 0*o = n*o - 15. Suppose 2*l - o*l + 12 = 0. Calculate the remainder when 13 is divided by l.
1
Let j(i) = -2*i**2 - 8*i + 136. Calculate the remainder when 174*(1/3 + 0) is divided by j(6).
10
What is the remainder when 98 is divided by 108/8*24/9?
26
Suppose 0 = 5*m - 4*m + 1. What is the remainder when m/(-2)*(-2 + 76) is divided by 20?
17
Suppose -23*k + 7*k = -2928. Calculate the remainder when k is divided by 58.
9
Suppose -6*r + r = 0. Suppose -120 = -3*u - i, 5*u + i - 168 - 32 = r. Let k = -147 + 168. What is the remainder when u is divided by k?
19
Let m = 659 - 362. Suppose 5*j - 4*v = -v + 495, -3*j + m = -3*v. Suppose 12 = -2*w + 52. What is the remainder when j is divided by w?
19
Suppose 2*r = -2*r + 256. Suppose -5*z + r = -226. What is the remainder when z is divided by (-4 - 0)/(-2) - -13?
13
Let g = -75 + 156. Suppose -71 - g = -4*x. What is the remainder when 72 is divided by x?
34
What is the remainder when ((-12)/(-2))/(3/8) is divided by (-1)/((-144)/(-960)*(-2)/3)?
6
Suppose 4 - 11 = -d - g, -d + 5*g = -13. What is the remainder when (6 + -3 - 28/d)*-32 is divided by 3/((-3)/(-10) - 0)?
6
Suppose 36 = 2*c + 6. Let b(t) = -t**2 - 11*t + 6. Let u be b(-9). What is the remainder when 245/9 - u/108 is divided by c?
12
Suppose -5*d + 5 = 0, -16 = -3*l - 4*d - 0. What is the remainder when l is divided by 2?
0
Suppose 0 = -3*c + 3*h + 67 + 95, 2*h + 58 = c. Calculate the remainder when 246 is divided by c.
46
Let z(m) = m**3 + 31*m**2 - 35*m - 82. What is the remainder when 68 is divided by z(-32)?
12
Let z = -397 + 416. What is the remainder when 36 is divided by z?
17
Let v = -1687 - -1697. What is the remainder when 519 is divided by v?
9
Let p(q) = -q**2 - 7*q - 3. Let m be p(-6). Suppose -2*y + 22 = -m*x - 8, -3*x - 12 = 0. Calculate the remainder when (-3990)/(-120) + 3/4 is divided by y.
7
Let a(y) = -86*y + 1. What is the remainder when a(-1) is divided by -3 + (-1 - (-57)/3)?
12
Let b = 1276 + -249. What is the remainder when 3 + (-2)/2 + b/13 is divided by 12?
9
Suppose 731*r + 3775 = 736*r. What is the remainder when r is divided by 27?
26
Suppose 0 = 2*n + 2*n - m - 101, -5*n - 3*m = -139. Suppose -2*d - d + n = -u, 0 = 4*u + 8. What is the remainder when 61 is divided by d?
5
Let b(n) = -67*n - 1. Let f = -1343 - -1366. Calculate the remainder when b(-1) is divided by f.
20
What is the remainder when 81 is divided by 10/(400/255) + (-6)/16?
3
Suppose -22*d - 115 = -27*d. Calculate the remainder when 135 is divided by d.
20
Let b(c) = c**2 - 26*c + 45. What is the remainder when 22 is divided by b(25)?
2
Suppose 5*g - 69 = 1. Let x(i) = i**2 - 9*i + 16. What is the remainder when x(12) is divided by g?
10
Let f(p) = -p**3 + 4*p**2 + 7*p - 7. Let i be f(5). Suppose i*r = -2*r - 15. Let t(v) = v**3 + 8*v**2 + 6*v. Calculate the remainder when 78 is divided by t(r).
24
Let w = 97 - 101. What is the remainder when 1 + 4